
Is 10401 a multiple of 82?
False
Is 82 a factor of 3280?
True
Is 13 a factor of 1612?
True
Is 38 a factor of 2941?
False
Is 195 a factor of 4680?
True
Is 24 a factor of 5664?
True
Does 46 divide 21083?
False
Is 3762 a multiple of 11?
True
Does 10 divide 140?
True
Does 97 divide 1276?
False
Is 22140 a multiple of 20?
True
Is 62 a factor of 57040?
True
Is 2829 a multiple of 41?
True
Is 138 a factor of 26085?
False
Does 17 divide 4675?
True
Does 9 divide 2413?
False
Is 30 a factor of 4080?
True
Is 64403 a multiple of 104?
False
Is 24 even?
True
Is 17027 a multiple of 34?
False
Does 212 divide 58088?
True
Does 41 divide 123?
True
Is 71 a factor of 14602?
False
Is 93 a factor of 2883?
True
Does 13 divide 13754?
True
Is 28780 a multiple of 95?
False
Is 5859 a multiple of 21?
True
Does 7 divide 48272?
True
Does 24 divide 2585?
False
Is 74 a factor of 45066?
True
Is 14 a factor of 658?
True
Is 6140 a multiple of 116?
False
Does 26 divide 92170?
True
Does 148 divide 7548?
True
Is 20 a factor of 300?
True
Is 7 a factor of 1127?
True
Is 60282 a multiple of 18?
True
Is 441 a multiple of 49?
True
Is 48 a factor of 9789?
False
Is 19 a factor of 96?
False
Is 5 a factor of 499?
False
Is 42 a multiple of 6?
True
Is 13 a factor of 7436?
True
Is 25769 a multiple of 12?
False
Is 29683 a multiple of 14?
False
Is 19 a factor of 4237?
True
Is 3 a factor of 588?
True
Is 92 a multiple of 37?
False
Is 1471 a multiple of 3?
False
Does 30 divide 2266?
False
Does 24 divide 624?
True
Does 9 divide 1577?
False
Is 3718 a multiple of 169?
True
Is 111 a multiple of 21?
False
Is 5 a factor of 28350?
True
Is 11 a factor of 20799?
False
Does 12 divide 624?
True
Is 37 a factor of 7104?
True
Does 13 divide 16471?
True
Does 86 divide 502?
False
Is 1930 a multiple of 47?
False
Is 448 a multiple of 9?
False
Is 1513 a multiple of 17?
True
Does 178 divide 5441?
False
Is 484 a multiple of 22?
True
Is 14 a factor of 109?
False
Is 375 a factor of 101017?
False
Is 11298 a multiple of 72?
False
Does 10 divide 6980?
True
Is 4158 a multiple of 14?
True
Is 30328 a multiple of 29?
False
Is 5351 a multiple of 2?
False
Does 14 divide 11158?
True
Is 1667 a multiple of 39?
False
Is 4 a factor of 520?
True
Is 40 a factor of 42086?
False
Is 3992 a multiple of 31?
False
Is 15 a factor of 1744?
False
Is 14 a factor of 3528?
True
Does 16 divide 1184?
True
Does 422 divide 28233?
False
Is 65618 a multiple of 43?
True
Does 64 divide 1216?
True
Does 274 divide 27126?
True
Is 18 a factor of 153?
False
Does 27 divide 1535?
False
Does 16 divide 371?
False
Is 39 a factor of 1170?
True
Is 185 a factor of 17601?
False
Is 4251 a multiple of 26?
False
Is 36 a multiple of 4?
True
Is 10 a factor of 32290?
True
Does 22 divide 3501?
False
Is 798 a multiple of 29?
False
Is 34320 a multiple of 40?
True
Does 280 divide 16096?
False
Does 67 divide 268?
True
Is 37 a factor of 539?
False
Is 12528 a multiple of 29?
True
Does 2 divide 491?
False
Is 203 a multiple of 7?
True
Is 186 a multiple of 12?
False
Is 620 a multiple of 62?
True
Is 43 a factor of 24824?
False
Is 103 a factor of 18184?
False
Is 132 a factor of 56892?
True
Is 266 a multiple of 19?
True
Is 26 a factor of 74931?
False
Is 2574 a multiple of 18?
True
Is 132221 a multiple of 19?
True
Is 17 a factor of 374?
True
Is 3 a factor of 6111?
True
Is 6 a factor of 559?
False
Is 3429 a multiple of 4?
False
Is 261 a multiple of 9?
True
Does 89 divide 2314?
True
Does 16 divide 929?
False
Is 48 a factor of 3840?
True
Is 2059 a multiple of 20?
False
Is 61 a factor of 305?
True
Is 1872 a multiple of 39?
True
Is 5754 a multiple of 21?
True
Does 3 divide 650?
False
Is 23 a factor of 12834?
True
Is 6502 a multiple of 19?
False
Does 22 divide 1213?
False
Is 11 a factor of 108?
False
Does 15 divide 5316?
False
Does 73 divide 3650?
True
Is 12 a factor of 45?
False
Does 8 divide 4808?
True
Does 9 divide 7243?
False
Is 16 a factor of 42800?
True
Is 2535 a multiple of 39?
True
Does 13 divide 72522?
False
Does 15 divide 43359?
False
Is 2051 a multiple of 20?
False
Is 5929 a multiple of 6?
False
Does 27 divide 3294?
True
Does 20 divide 53520?
True
Is 39 a factor of 5130?
False
Is 819 a multiple of 9?
True
Is 39 a factor of 6747?
True
Does 11 divide 80367?
False
Is 85 a factor of 16250?
False
Is 8628 a multiple of 12?
True
Is 3381 a multiple of 21?
True
Does 2 divide 54?
True
Is 6 a factor of 778?
False
Is 9731 a multiple of 163?
False
Is 34 a multiple of 6?
False
Is 20 a factor of 5675?
False
Does 23 divide 48330?
False
Is 14 a factor of 689?
False
Does 69 divide 2160?
False
Does 58 divide 4738?
False
Is 32 a factor of 63406?
False
Is 15 a factor of 598?
False
Does 18 divide 72?
True
Does 329 divide 8282?
False
Does 8 divide 1001?
False
Is 88 a multiple of 9?
False
Is 12 a factor of 36?
True
Is 5160 a multiple of 43?
True
Is 82 a factor of 11234?
True
Does 40 divide 8280?
True
Is 9 a factor of 17?
False
Is 13862 a multiple of 239?
True
Does 67 divide 1847?
False
Does 15 divide 843?
False
Is 5 a factor of 1890?
True
Does 13 divide 23283?
True
Does 6 divide 1977?
False
Does 23 divide 40889?
False
Does 18 divide 3455?
False
Is 636 a multiple of 6?
True
Is 17 a factor of 392?
False
Does 159 divide 30758?
False
Does 78 divide 1716?
True
Is 58784 a multiple of 88?
True
Is 1143 a multiple of 43?
False
Is 110 a factor of 4620?
True
Is 27 a factor of 46185?
False
Does 10 divide 1327?
False
Is 3 a factor of 15819?
True
Does 346 divide 76779?
False
Is 55 a multiple of 5?
True
Is 1280 a multiple of 20?
True
Is 124 a multiple of 4?
True
Is 58 a factor of 406?
True
Does 33 divide 620?
False
Is 385 a multiple of 7?
True
Is 1021 a multiple of 18?
False
Is 12 a factor of 240?
True
Does 16 divide 1520?
True
Is 6603 a multiple of 6?
False
Does 7 divide 798?
True
Is 6552 a multiple of 252?
True
Is 116 a multiple of 25?
False
Is 1400 a multiple of 27?
False
Is 1515 a multiple of 3?
True
Does 4 divide 36?
True
Does 67 divide 5963?
True
Is 76 a factor of 3952?
True
Is 71217 a multiple of 369?
True
Is 5969 a multiple of 22?
False
Is 36 a factor of 50981?
False
Does 3 divide 118?
False
Is 11 a factor of 1430?
True
Is 2775 a multiple of 111?
True
Does 10 divide 160?
True
Is 30 a factor of 90?
True
Is 6 a factor of 524?
False
Does 54 divide 10476?
True
Is 2570 a multiple of 10?
True
Is 5050 a multiple of 101?
True
Is 71 a factor of 852?
True
Is 18326 a multiple of 11?
True
Is 1358 a multiple of 13?
False
Does 24 divide 5547?
False
Is 1710 a multiple of 57?
True
Does 11 divide 78590?
False
Is 7650 a multiple of 90?
True
Does 11 divide 307?
False
Does 25 divide 6250?
True
Is 4488 a multiple of 12?
True
Does 124 divide 28505?
False
Is 22 a factor of 2904?
True
Is 1256 a multiple of 13?
False
Does 2 divide 1750?
True
Is 20711 a multiple of 149?
True
Is 35 a factor of 8774?
False
Is 10 a factor of 770?
True
Is 8 a factor of 1967?
False
Is 17850 a multiple of 102?
True
Is 2765 a multiple of 28?
False
Does 27 divide 4214?
False
Does 158 divide 8690?
True
Is 5 a factor of 3808?
False
Is 63612 a multiple of 114?
True
Does 27 divide 6723?
True
Is 25814 a multiple of 71?
False
Is 6 a factor of 52?
False
Is 32 a factor of 416?
True
Is 30 a factor of 28290?
True
Does 102 divide 612?
True
Is 17 even?
False
Does 7 divide 1555?
False
Is 1860 a multiple of 30?
True
Does 36 divide 108?
True
Does 3 divide 409?
False
Is 50 a multiple of 5?
True
Is 744 a multiple of 6?
True
Does 51 divide 144279?
True
Is 46418 a multiple of 145?
False
Is 11 a factor of 1738?
True
Is 8 a factor of 57118?
False
Does 10 divide 240?
True
Is 9 a factor of 936?
True
Does 20 divide 858?
False
Is 32090 a multiple of 3?
False
Is 65858 a multiple of 298?
True
Is 17 a factor of 98784?
False
Does 94 divide 1119?
False
Is 47 a factor of 30014?
False
Does 93 divide 2232?
True
Is 13371 a multiple of 41?
False
Does 41 divide 29643?
True
Is 3486 a multiple of 42?
True
Does 68 divide 7762?
False
Is 72 a factor of 3816?
True
Is 9 a factor of 3089?
False
Does 65 divide 839?
False
Does 34 divide 14144?
True
Is 10 a factor of 1560?
True
Does 4 divide 4673?
False
Is 10 a factor of 9196?
False
Is 6096 a multiple of 48?
True
Does 4 divide 383?
False
Is 6496 a multiple of 8?
True
Is 9896 a multiple of 32?
False
Does 16 divide 608?
True
Does 16 divide 3416?
False
Is 348 a 